{"id":2243,"date":"2024-01-17T09:57:13","date_gmt":"2024-01-17T09:57:13","guid":{"rendered":"http:\/\/www.katlanabilirstandcadirifiyatlari.com\/?post_type=product&#038;p=2243"},"modified":"2024-01-17T10:02:36","modified_gmt":"2024-01-17T10:02:36","slug":"clk-4x8-52mm-kalin-aluminyum-katlanabilir-tente-3-kenar-kapali-perdeli-gazebo-cadir-cardak-makasli-portatif-tente","status":"publish","type":"product","link":"http:\/\/www.katlanabilirstandcadirifiyatlari.com\/index.php\/urun\/clk-4x8-52mm-kalin-aluminyum-katlanabilir-tente-3-kenar-kapali-perdeli-gazebo-cadir-cardak-makasli-portatif-tente\/","title":{"rendered":"CLK 4&#215;8 52mm Kal\u0131n Al\u00fcminyum Katlanabilir Tente 3 Kenar Kapal\u0131 Perdeli Gazebo \u00c7ad\u0131r \u00c7ardak Makasl\u0131 Portatif Tente"},"content":{"rendered":"<h2 style=\"text-align: center;\">CLK 4&#215;8 52mm Kal\u0131n Al\u00fcminyum Katlanabilir Tente 3 Kenar Kapal\u0131 Perdeli Gazebo \u00c7ad\u0131r \u00c7ardak Makasl\u0131 Portatif Tente<\/h2>\n<p><a href=\"http:\/\/www.gazebocadir.com.tr\/wp-content\/uploads\/2023\/02\/clk-4x8-metre-gazebo-52-mm-kalin-aluminyum-gazebo-portatif-cadir-cardak-makasli-tente-imalat-satis-siyah-3-yani-kapali.jpg\"><img loading=\"lazy\" decoding=\"async\" class=\"aligncenter wp-image-3450 \" src=\"http:\/\/www.gazebocadir.com.tr\/wp-content\/uploads\/2023\/02\/clk-4x8-metre-gazebo-52-mm-kalin-aluminyum-gazebo-portatif-cadir-cardak-makasli-tente-imalat-satis-siyah-3-yani-kapali.jpg\" alt=\"\" width=\"554\" height=\"369\" \/><\/a><\/p>\n<h2 style=\"text-align: center;\">T\u00fcrkiye&#8217;de Tek \u0130malat\u00e7\u0131 Firma CLK Ticaret Garantisi<\/h2>\n<h3 style=\"text-align: center;\"><strong>\u0130LET\u0130\u015e\u0130M: 0 533 925 36 78\u00a0<\/strong><\/h3>\n<h2><\/h2>\n<p>\u00c7ad\u0131r Ta\u015f\u0131ma \u00c7antas\u0131 ve Yere Sabitleme Aparatlar\u0131 Hediyeli<\/p>\n<p>Paket \u0130\u00e7eri\u011fi: 1 Adet 4&#215;8 mt 52 mm Sekizgen Al\u00fcminyum \u0130skelet + Oxford Tavan Kuma\u015f\u0131 + 1 Adet 8 mt Arka Duvar + 2 Adet 4 mt Yan Duvar Ta\u015f\u0131ma \u00c7antas\u0131 + Yere Sabitleme Aparatlar\u0131<\/p>\n<div>\u0130malat\u00e7\u0131 firma\u00a0CLK T\u0130CARET\u00a0g\u00fcvencesi ile %100 su ge\u00e7irmez, solmaz, \u00e7atlamaz, y\u0131pranmaz Sunfabric kuma\u015f ile \u00fcretilmi\u015f, branda ve 52 mm sekizgen al\u00fcminyum iskelet ve mafsal par\u00e7alar\u0131 2 y\u0131l garantili katlanabilir gazebo \u00e7ad\u0131rlar\u0131.<\/div>\n<div><a href=\"http:\/\/www.gazebocadir.com.tr\/wp-content\/uploads\/2023\/02\/clk-52-mm-kalin-aluminyum-profil-gazebo-katlanir-cadir.png\"><img loading=\"lazy\" decoding=\"async\" class=\"aligncenter wp-image-3417 size-full\" src=\"http:\/\/www.gazebocadir.com.tr\/wp-content\/uploads\/2023\/02\/clk-52-mm-kalin-aluminyum-profil-gazebo-katlanir-cadir.png\" alt=\"\" width=\"632\" height=\"257\" \/><\/a><\/div>\n<div><\/div>\n<div>18 Farkl\u0131 Kuma\u015f Renk Se\u00e7imi<\/div>\n<div><\/div>\n<div><strong>Teknik \u00d6zellikler<\/strong><\/div>\n<div><\/div>\n<div>\u0130\u00e7 Profil (Bacaklar) : 45x45x1.5 mm sekizgen al\u00fcminyum<\/div>\n<div>\u00c7apraz Makas Borular: 35x18x1.5 mm al\u00fcminyum<\/div>\n<div>Profil : Eloksal Kaplamal\u0131 Al\u00fcminyum<\/div>\n<div>Kapal\u0131 Boyutu: 40x70x230 cm<\/div>\n<div>A\u00e7\u0131k Boyutu: 400&#215;800 (h) 210-240 cm (4 Kademe Y\u00fckseklik Ayar\u0131)<\/div>\n<div>Kaplad\u0131\u011f\u0131 Alan : 32 m2<\/div>\n<div>Branda Dahil : 80 kg<\/div>\n<div>En Y\u00fcksek Nokta Kubbe Y\u00fcksekli\u011fi: 320 cm<\/div>\n<div>Ba\u011flant\u0131 Par\u00e7alar\u0131 N6 Cam Elyaf Kar\u0131\u015f\u0131ml\u0131 Plastik (garantili)<\/div>\n<div>Teknik Servis ve Yedek Par\u00e7a \u0130mkan\u0131<\/div>\n<div>\n<div>Not: \u00dcr\u00fcn Tavan Kuma\u015f\u0131 ve Yan Perdelere Bask\u0131 Yapt\u0131rmak \u0130\u00e7in \u0130leti\u015fime Ge\u00e7iniz.<\/div>\n<div><\/div>\n<div>Kullan\u0131m Alanlar\u0131: Kamp, Bah\u00e7e, Piknik, G\u00f6lgelik, Outdoor, Organizasyon, Stand, Pazar, Belediye \u00e7ad\u0131r\u0131 gibi t\u00fcm alanlarda kullanabilece\u011finiz en sa\u011flam katlanabilir gazebo \u00e7ad\u0131r imalat\u0131n\u0131 yapan tek firma CLK Garden Katlanabilir Tente Gazebo \u00c7ad\u0131rlar\u0131.<\/div>\n<div><\/div>\n<div>\n<div><strong>Not: \u00dcr\u00fcn Tavan Kuma\u015f\u0131 ve Yan Perdelere Bask\u0131 Yapt\u0131rmak \u0130\u00e7in \u0130leti\u015fime Ge\u00e7iniz.<\/strong><\/div>\n<div><\/div>\n<div>\n<div>\n<h3>\u0130leti\u015fim:<\/h3>\n<div><strong>Ankara<\/strong>: 0 312 429 02 09<\/div>\n<div><strong>\u0130stanbul Anadolu Yakas\u0131<\/strong>: 0 216 599 03 53<\/div>\n<div><strong>\u0130stanbul Avrupa Yakas\u0131<\/strong>: 0 850 885 13 65<\/div>\n<div><strong>\u0130zmir<\/strong>: 0 850 885 20 19<\/div>\n<div><strong>Bursa<\/strong>: 0 850 885 20 29<\/div>\n<div><strong>Antalya<\/strong>: 0 850 885 19 89<\/div>\n<div><strong>\u0130zmit<\/strong>&#8211;<strong>Kocaeli<\/strong>: 0 850 885 09 05<\/div>\n<div><strong>T\u00fcrkiye<\/strong> <strong>Geneli<\/strong> <strong>Sat\u0131\u015f Hatt\u0131<\/strong>: 0 533 925 36 78 (Whatsapp)<\/div>\n<div><strong>E<\/strong>&#8211;<strong>Mail<\/strong>: <a href=\"mailto:info@gazebocadir.com.tr\"><strong>info@gazebocadir.com.tr<\/strong><\/a><\/div>\n<\/div>\n<\/div>\n<\/div>\n<\/div>\n<div><\/div>\n","protected":false},"excerpt":{"rendered":"<h2 style=\"text-align: center;\">CLK 4&#215;8 52mm Kal\u0131n Al\u00fcminyum Katlanabilir Tente 3 Kenar Kapal\u0131 Perdeli Gazebo \u00c7ad\u0131r \u00c7ardak Makasl\u0131 Portatif Tente<\/h2>\n<h2 style=\"text-align: center;\">T\u00fcrkiye&#8217;de Tek \u0130malat\u00e7\u0131 Firma CLK Ticaret Garantisi<\/h2>\n<h3 style=\"text-align: center;\"><strong>\u0130LET\u0130\u015e\u0130M: 0 533 925 36 78\u00a0<\/strong><\/h3>\n","protected":false},"featured_media":2728,"comment_status":"closed","ping_status":"closed","template":"","meta":{"om_disable_all_campaigns":false,"_monsterinsights_skip_tracking":false,"_monsterinsights_sitenote_active":false,"_monsterinsights_sitenote_note":"","_monsterinsights_sitenote_category":0},"product_cat":[1583,1594,1566,1595,1596,1584,1609,1597,1567,165,1568,1569,166,1598,167,1600,1601,1610],"product_tag":[1577,1578,1588,1589,1579,1580,172,1590,173,174,1611,1592,1612],"aioseo_notices":[],"_links":{"self":[{"href":"http:\/\/www.katlanabilirstandcadirifiyatlari.com\/index.php\/wp-json\/wp\/v2\/product\/2243"}],"collection":[{"href":"http:\/\/www.katlanabilirstandcadirifiyatlari.com\/index.php\/wp-json\/wp\/v2\/product"}],"about":[{"href":"http:\/\/www.katlanabilirstandcadirifiyatlari.com\/index.php\/wp-json\/wp\/v2\/types\/product"}],"replies":[{"embeddable":true,"href":"http:\/\/www.katlanabilirstandcadirifiyatlari.com\/index.php\/wp-json\/wp\/v2\/comments?post=2243"}],"wp:featuredmedia":[{"embeddable":true,"href":"http:\/\/www.katlanabilirstandcadirifiyatlari.com\/index.php\/wp-json\/wp\/v2\/media\/2728"}],"wp:attachment":[{"href":"http:\/\/www.katlanabilirstandcadirifiyatlari.com\/index.php\/wp-json\/wp\/v2\/media?parent=2243"}],"wp:term":[{"taxonomy":"product_cat","embeddable":true,"href":"http:\/\/www.katlanabilirstandcadirifiyatlari.com\/index.php\/wp-json\/wp\/v2\/product_cat?post=2243"},{"taxonomy":"product_tag","embeddable":true,"href":"http:\/\/www.katlanabilirstandcadirifiyatlari.com\/index.php\/wp-json\/wp\/v2\/product_tag?post=2243"}],"curies":[{"name":"wp","href":"https:\/\/api.w.org\/{rel}","templated":true}]}}