{"id":943,"date":"2024-01-17T09:43:44","date_gmt":"2024-01-17T09:43:44","guid":{"rendered":"http:\/\/www.katlanabilirstandcadirifiyatlari.com\/?post_type=product&#038;p=943"},"modified":"2024-01-17T09:47:42","modified_gmt":"2024-01-17T09:47:42","slug":"clk-semsiye-logo-marka-baskili-promosyon-tanitim-semsiye-imalati-ve-satisi","status":"publish","type":"product","link":"http:\/\/www.katlanabilirstandcadirifiyatlari.com\/index.php\/urun\/clk-semsiye-logo-marka-baskili-promosyon-tanitim-semsiye-imalati-ve-satisi\/","title":{"rendered":"CLK \u015eemsiye Logo Marka Bask\u0131l\u0131 Promosyon Tan\u0131t\u0131m \u015eemsiye \u0130malat\u0131 ve Sat\u0131\u015f\u0131"},"content":{"rendered":"<h2 style=\"text-align: center;\">CLK Bask\u0131l\u0131 \u015eemsiyeler &#8211; CLK G\u00fcne\u015f \u015eemsiyeleri Logo Bask\u0131l\u0131 Promosyon \u015eemsiye \u0130malat\u0131 ve Sat\u0131\u015f\u0131<\/h2>\n<h2 style=\"text-align: center;\">\u0130leti\u015fim: 0 535 661 97 22<\/h2>\n<p>CLK B\u00fcy\u00fck \u015femsiyeler veya promosyon \u015femsiyeleri se\u00e7erken baz\u0131 \u00f6nemli farkl\u0131la\u015ft\u0131r\u0131c\u0131 kriterlere dikkat etmelisiniz. A\u015fa\u011f\u0131daki paragraf, en \u00f6nemli \u00f6zelliklere genel bir bak\u0131\u015f sunmaktad\u0131r.<\/p>\n<h4>\u015eekil<\/h4>\n<p>\u00c7o\u011funlukla kare veya yuvarlak \u015femsiyeler kullan\u0131l\u0131r.\u00a0Kare \u015fekil, \u00f6zellikle birka\u00e7 g\u00fcne\u015f \u015femsiyesi yan yana yerle\u015ftirildi\u011finde, genellikle biraz daha pratik olur.\u00a0Bu nedenle kare \u015femsiyeler, geni\u015f alanlar\u0131 g\u00f6lgelemeyi veya ya\u011fmurdan korumay\u0131 kolayla\u015ft\u0131r\u0131r.\u00a0Yuvarlak \u015femsiyeler 8 panelden yap\u0131l\u0131rken, kare \u015femsiyeler genellikle 4 panelden olu\u015fur.<\/p>\n<h4>A\u00e7\u0131l\u0131\u015f sistemi<\/h4>\n<p>CLK \u015eemsiyenin kullan\u0131m amac\u0131na ve boyutuna g\u00f6re uygun a\u00e7ma sistemi se\u00e7ilir. \u00c7ap\u0131 3 m&#8217;ye kadar olan daha k\u00fc\u00e7\u00fck modeller i\u00e7in, \u015femsiyenin tutamaktan yukar\u0131 itildi\u011fi basit bir kolu teleskopik sistemi ile idare edebilirsiniz. Di\u011fer sistemler, \u00e7ok fazla g\u00fc\u00e7 gerektirmeyen a\u00e7ma sistemleri ile daha fazla konfor sunar.\u00a0\u00c7ekme ipi a\u00e7\u0131kl\u0131\u011f\u0131 uygun bir de\u011fi\u015fkendir.\u00a0Daha da kullan\u0131\u015fl\u0131 olan\u0131, b\u00fcy\u00fck g\u00fcne\u015f \u015femsiyelerinin tek elle kolayca a\u00e7\u0131lmas\u0131n\u0131 sa\u011flayan teleskopik sap veya krank a\u00e7\u0131kl\u0131\u011f\u0131d\u0131r.<\/p>\n<h4>Logo Bask\u0131<\/h4>\n<p>T\u00fcm CLK \u015femsiyeler \u00e7ok esnek bir \u015fekilde bas\u0131labilir. Tek seferlik \u00fcretim durumunda bile, g\u00fcne\u015f \u015femsiyesi herhangi bir arka plan rengi veya g\u00f6r\u00fcnt\u00fc tasar\u0131m\u0131 kullan\u0131larak bas\u0131labilir.\u00a0Genel olarak konu\u015fursak, \u00e7o\u011fu g\u00fcne\u015f \u015femsiyesi t\u00fcm y\u00fczeye bas\u0131lm\u0131\u015ft\u0131r.\u00a0\u015eemsiye say\u0131s\u0131na ve kullan\u0131m amac\u0131na g\u00f6re farkl\u0131 bask\u0131 teknikleri kullan\u0131larak tasar\u0131m hayata ge\u00e7irilir.\u00a0\u00d6rne\u011fin g\u00fcne\u015f \u015femsiyesi uzun s\u00fcre g\u00fcne\u015fte kullan\u0131l\u0131yorsa (\u00f6rne\u011fin yemek sekt\u00f6r\u00fcnde), kullan\u0131lan bask\u0131 tekni\u011fine g\u00f6re de\u011fi\u015fiklik g\u00f6sterdi\u011finden renklerin solmaz olmas\u0131na dikkat edilmelidir.<\/p>\n<h4>Tasar\u0131m<\/h4>\n<p>B\u00fcy\u00fck CLK \u015femsiyelerin g\u00f6r\u00fcn\u00fcm\u00fc, \u015fekli, \u00e7er\u00e7eve yap\u0131s\u0131 ve rengi nedeniyle farkl\u0131l\u0131k g\u00f6sterir. \u00d6nemli bir ay\u0131rt edici \u00f6zellik, g\u00fcne\u015f \u015femsiyesinin sa\u00e7akl\u0131 m\u0131 yoksa sa\u00e7aks\u0131z m\u0131 oldu\u011fudur: sa\u00e7akl\u0131 \u015femsiyeler daha modern g\u00f6r\u00fcn\u00fcrken, sa\u00e7akl\u0131 \u015femsiyeler daha klasik g\u00f6r\u00fcn\u00fcr. CLK \u015femsiye sizin i\u00e7in t\u00fcm \u00f6zelliklerde \u015femsiyenizi tasarlar ve imalat\u0131n\u0131 yapar.<\/p>\n<p>CLK \u015eemsiyeleri t\u00fcm \u00f6l\u00e7\u00fclerde ipli sistem veya teleskopik sistem \u015femsiyeleri en uygun fiyatlar ile toptan veya perakende olarak sat\u0131\u015fa sunar. \u0130hracatta ve T\u00fcrkiye pazar\u0131nda lider olan \u015femsiyesi imalat\u0131 yapan tek firma olan CLK \u015femsiye firmam\u0131z bask\u0131l\u0131 \u015femsiye veya bask\u0131s\u0131z olarak t\u00fcm \u00f6l\u00e7\u00fclerde \u015femsiye imal eder ve sat\u0131\u015fa sunar.<\/p>\n<h3>\u0130leti\u015fim<\/h3>\n<p><strong>CLK Bask\u0131l\u0131 \u015eemsiyeler: 0 850 885 13 65<\/strong><\/p>\n<p><strong>CLK \u0130pli Manuel \u015eemsiye: 0 850 885 09 05\u00a0<\/strong><\/p>\n<p><strong>CLK Mega Teleskopik \u015eemsiyeler: 0 850 885 19 89<\/strong><\/p>\n<p><strong>CLK Plaj \u015eemsiyeleri: 0 850 885 20 19<\/strong><\/p>\n<p><strong>CLK Yandan Kollu Bah\u00e7e \u015eemsiyeleri: 0 850 885 20 29<\/strong><\/p>\n<p><strong>E-Mail: <a href=\"mailto:info@clksemsiye.com.tr\">info@clksemsiye.com.tr<\/a><\/strong><\/p>\n<p><strong>Whatsapp \u0130leti\u015fim: 0 535 661 97 22<\/strong><\/p>\n<p><a href=\"http:\/\/www.gazebocadir.com.tr\/wp-content\/uploads\/2022\/11\/clk-baskili-semsiye-clk-semsiye-parasol-baskili-semsiye-logo-baskili-semsiye.jpg\"><img loading=\"lazy\" decoding=\"async\" class=\"aligncenter wp-image-1805 size-full\" src=\"http:\/\/www.gazebocadir.com.tr\/wp-content\/uploads\/2022\/11\/clk-baskili-semsiye-clk-semsiye-parasol-baskili-semsiye-logo-baskili-semsiye.jpg\" alt=\"\" width=\"750\" height=\"596\" \/><\/a><\/p>\n","protected":false},"excerpt":{"rendered":"<p>CLK Bask\u0131l\u0131 \u015eemsiyeler &#8211; CLK G\u00fcne\u015f \u015eemsiyeleri Logo Bask\u0131l\u0131 Promosyon \u015eemsiye \u0130malat\u0131 ve Sat\u0131\u015f\u0131 \u0130leti\u015fim: 0 535 661 97 22&#8230;<\/p>\n","protected":false},"featured_media":1237,"comment_status":"closed","ping_status":"closed","template":"","meta":{"om_disable_all_campaigns":false,"_monsterinsights_skip_tracking":false,"_monsterinsights_sitenote_active":false,"_monsterinsights_sitenote_note":"","_monsterinsights_sitenote_category":0},"product_cat":[974,975,976,977,978,979,980],"product_tag":[981,982,983,984,985,986,987,988,989,990,991,992,993,994,995,996,697,997,998,999,1000,1001,1002,1003,1004,1005,1006,1007,1008,1009,1010,699,1011,1012,1013,1014,1015,1016,1017,1018,1019,1020,1021,1022,1023,1024,1025,1026,1027,1028,1029,1030,1031,1032,1033,1034,1035,1036,1037,1038,1039,1040,1041,1042,1043,1044,1045,1046,1047,1048,1049,1050,1051,1052,1053,1054,1055,1056,1057,1058,1059,1060,1061,1062,1063,1064,458,1065,1066,1067,1068,1069,1070,1071,1072],"aioseo_notices":[],"_links":{"self":[{"href":"http:\/\/www.katlanabilirstandcadirifiyatlari.com\/index.php\/wp-json\/wp\/v2\/product\/943"}],"collection":[{"href":"http:\/\/www.katlanabilirstandcadirifiyatlari.com\/index.php\/wp-json\/wp\/v2\/product"}],"about":[{"href":"http:\/\/www.katlanabilirstandcadirifiyatlari.com\/index.php\/wp-json\/wp\/v2\/types\/product"}],"replies":[{"embeddable":true,"href":"http:\/\/www.katlanabilirstandcadirifiyatlari.com\/index.php\/wp-json\/wp\/v2\/comments?post=943"}],"wp:featuredmedia":[{"embeddable":true,"href":"http:\/\/www.katlanabilirstandcadirifiyatlari.com\/index.php\/wp-json\/wp\/v2\/media\/1237"}],"wp:attachment":[{"href":"http:\/\/www.katlanabilirstandcadirifiyatlari.com\/index.php\/wp-json\/wp\/v2\/media?parent=943"}],"wp:term":[{"taxonomy":"product_cat","embeddable":true,"href":"http:\/\/www.katlanabilirstandcadirifiyatlari.com\/index.php\/wp-json\/wp\/v2\/product_cat?post=943"},{"taxonomy":"product_tag","embeddable":true,"href":"http:\/\/www.katlanabilirstandcadirifiyatlari.com\/index.php\/wp-json\/wp\/v2\/product_tag?post=943"}],"curies":[{"name":"wp","href":"https:\/\/api.w.org\/{rel}","templated":true}]}}